actors of b/(-33) - 766/(-22).
5, 7
List the prime factors of (-2)/(-20) - 162319/(-410).
2, 3, 11
Let h(n) = -n**2 + 10*n - 3. Let o be h(9). Suppose -w - 765 = -o*w. List the prime factors of w.
3, 17
Let j(g) = -6*g**3 - 3*g**2. Let w be j(-2). Let v = -22 + w. List the prime factors of v.
2, 7
Suppose 0*q = 4*q. Suppose 2*i + 2*i = q. What are the prime factors of (0 - i) + 10 + 1?
11
Let z(d) = d**2 + 3*d + 4. Let t be z(4). Suppose -31*a = -t*a + 72. List the prime factors of a.
2, 3
Suppose -w - 2020 = -4*y, 3*y - 4*w = -7*w + 1530. What are the prime factors of y?
2, 11, 23
Let a(q) = 34*q + 9. Let f be a(3). Let v = -75 + f. Let s = 72 - v. List the prime factors of s.
2, 3
What are the prime factors of (-8 - 259/28)*-36?
3, 23
List the prime factors of (-3196)/(-94)*(-1 + 71).
2, 5, 7, 17
Suppose -3*a + 4*a - 2*c = -7, a - 5*c = -19. Let r = a + 0. List the prime factors of 428/16 + r/4.
3
Suppose 15*b + 24*b = 25389. List the prime factors of b.
3, 7, 31
What are the prime factors of (-14920)/15*(-15)/20?
2, 373
Let o(n) = -2*n + 27*n + 4*n - 2*n. Let k be o(1). Suppose -m = -11 - k. List the prime factors of m.
2, 19
Suppose -d - 54 = 1. Let l = 94 + d. What are the prime factors of l?
3, 13
Let m(u) = -u - 10. Let f be m(-12). Suppose -4*d - 3*i = 126 - 725, -574 = -4*d + f*i. List the prime factors of d.
2, 73
Suppose -4 = -l + 3*d, 0*l + 4*l - 4*d = 8. List the prime factors of (l/(-2) - -1)/(2/276).
3, 23
Suppose -3*r - 11*p + 4823 = -6*p, -2*p = -5*r + 8090. List the prime factors of r.
2, 101
Suppose 5*t = 2*k - 0 + 8, -13 = -4*t - 5*k. Suppose -t*v - 2 = -v. Let d = 23 + v. List the prime factors of d.
3, 7
Let p(d) = -d. Let u(w) = -24*w - 12. Let r(g) = -44*p(g) + 2*u(g). What are the prime factors of r(-8)?
2
Let o = 617 - 201. What are the prime factors of o?
2, 13
Let l be (-50756)/(-30) + (-16)/(-120). Suppose -15*x + l = -6*x. List the prime factors of x.
2, 47
Suppose 3*n = 2*x - 8816, x + 178*n - 179*n = 4409. List the prime factors of x.
11, 401
Let l be -2*(33/2 - 1). Let b = -128 - -71. Let h = l - b. What are the prime factors of h?
2, 13
Suppose 0 = 2*i - 11 - 1. Suppose -2*r + 3*m + m + 12 = 0, 5*m + 28 = -4*r. Let w = r + i. List the prime factors of w.
2
Suppose 0 = o - 196 - 439. Suppose -2*t = -x - o, -421 - 234 = -2*t + 5*x. Suppose 6*d - t = -33. List the prime factors of d.
47
Let c = -21 - -35. Suppose a - 2*u - c = -4*u, -6 = -4*a + 2*u. What are the prime factors of a?
2
Let p = -49 - -51. Suppose p*t + 735 = 9*t. List the prime factors of t.
3, 5, 7
Let w be 3/4*(-1 - -5). Suppose -3*m = 2*c + 5, c - w*m = -c + 1. List the prime factors of (2 + c)/(4/196).
7
Suppose 1080 = -4*p + 3*w + 6157, 5*w = 3*p - 3816. List the prime factors of p.
7, 181
Suppose -1008 = -42*v - 0*v. Let y be 6*38/8*2. Let q = y - v. What are the prime factors of q?
3, 11
Let m be 32/(-72) - (-147)/27. List the prime factors of (10 - (-5)/(-1))*277/m.
277
Let l(t) = 2*t**2 - 9*t + 15. Let u be l(5). List the prime factors of (-895)/(-25) - (-4)/u.
2, 3
Let a = 29 - 27. Suppose a*q - 4*q = -82. What are the prime factors of q?
41
Let t(o) be the third derivative of 0*o**3 + 0 + 0*o + 7/60*o**5 - 8*o**2 - 1/12*o**4. What are the prime factors of t(-1)?
3
Let o be 16/(-6)*36/24. Let g = o + -36. Let f = -22 - g. List the prime factors of f.
2, 3
Suppose 3*v + t - 6993 = 0, -4*v - 2*t - 489 = -9815. List the prime factors of v.
2, 5, 233
Let l(f) = 16*f - 60. Suppose -u = 2*h + 1 - 15, -3*h + 23 = 2*u. What are the prime factors of l(h)?
2, 5
Let h be 10*(5 - 168/30)*2. Let q(w) = -w**3 + 2*w**2 + 7*w - 4. Let g be q(5). What are the prime factors of h/(-8)*g/(-3)?
2, 11
What are the prime factors of 655936/256 + (-2)/8?
2, 3, 7, 61
Let t(x) = x - 2. Let v be t(4). Suppose 3*s + 2*g = 11, 1 = s + g - v. Suppose -90 = -s*a + a + 5*m, 0 = 3*m + 6. What are the prime factors of a?
2, 5
Let d = -11316 + 17032. What are the prime factors of d?
2, 1429
Suppose 3*g + 43 = 61. Suppose 0*x = -g*x + 1488. List the prime factors of x.
2, 31
Suppose -5*d - 2*q = 2*q - 11, -3 = 3*q. What are the prime factors of 556/7 - 1/7*d?
79
Suppose 2*i = -3*m - 180, -m - 4*m - 300 = 4*i. What are the prime factors of 1/6 + (-20450)/m?
11, 31
Let c = 2097 - 1455. Suppose -3*o - 3*o = -c. What are the prime factors of o?
107
Let h(p) = -p**3 + 5*p**2 - 3*p. Let s be h(4). Suppose -i + 208 = 5*w, -2 - s = 3*i. What are the prime factors of w?
2, 3, 7
Let h(u) = u**3 + 5*u**2 - 8*u - 8. Let a be h(-6). What are the prime factors of (((-16)/6)/4)/(a/(-654))?
109
Let y = -218 + 242. What are the prime factors of y?
2, 3
Let d(o) = o**3 + 10*o**2 + o + 13. Suppose 10*v - 6 = 7*v. Suppose -v*f = 15 + 5. List the prime factors of d(f).
3
Let j = -3593 - -5341. List the prime factors of j.
2, 19, 23
Let r be (5 + -9)*3/(-6). Suppose -4*j + l + 538 + 211 = 0, -4*j = r*l - 734. What are the prime factors of j?
2, 3, 31
What are the prime factors of -1 + 1944 + (9 - 4)?
2, 487
Suppose -14*v = -227 + 689. Suppose 5*o + 108 = 38. Let d = o - v. List the prime factors of d.
19
Suppose 0 = 13*i + 11*i - 67416. List the prime factors of i.
53
Suppose 875*n - 868*n = 1981. List the prime factors of n.
283
Suppose -435*i + 440*i - 2990 = 0. List the prime factors of i.
2, 13, 23
What are the prime factors of (-9 + -1)/((-30)/7155)?
3, 5, 53
Suppose -300 = r - 2185. What are the prime factors of r?
5, 13, 29
Suppose 7 = o + 5*n, o + 3*n + 3 = 4*o. Suppose -3*l = -2*x - 95, -2*l - o*x = -34 - 46. What are the prime factors of l?
5, 7
Let i = -14 + 47. Let w = i - -131. Suppose 4*q - 5*n = w, -3*q + 2*n + 152 = q. What are the prime factors of q?
2, 3
Let x = -37 - -42. Suppose 0 = -x*z + 13*z - 1272. What are the prime factors of z?
3, 53
List the prime factors of ((-6)/4)/(3/6) + 1552.
1549
Suppose -2*u - 2*l = -10, -3*u + 5*l + 4 = -11. List the prime factors of u.
5
Let c = 12 - 8. Let g(f) = -9 - 11*f + f**2 - c - 2*f**2 - 2*f. List the prime factors of g(-9).
23
Let o = -34 + 23. Let y = o + 5. Let d = y - -32. What are the prime factors of d?
2, 13
Let t = 3724 - 1958. What are the prime factors of t?
2, 883
Suppose 5 = -q - 66. What are the prime factors of (-4 + 7 - q) + -2?
2, 3
Let s(k) = -k**3 - 5*k**2 + 36*k - 1. What are the prime factors of s(-11)?
7, 47
Let r = 1 - -5. Let d(f) = r + 19*f**2 + f - 15*f**2 - 2. List the prime factors of d(-3).
37
Let c(u) = u**2 - 4*u - 36. Let q be c(-6). Let n = 54 + q. List the prime factors of n.
2, 3, 13
Let g(d) = d**3 + 2*d**2 + 5*d - 4. Let p be g(3). Let m = -19 + p. What are the prime factors of m?
37
Let a = -55 - -30. Let j = a - -22. What are the prime factors of ((-120)/(-25))/(j/(-15))?
2, 3
Suppose -5 = -12*z + 7*z, -g + 129 = 4*z. List the prime factors of g.
5
Suppose 4288 = 4*j - 4*s, 0 = 3*j - 6*j - 2*s + 3211. List the prime factors of j.
3, 7, 17
Let r(g) = -5*g**3 + 103*g**2 - 50*g + 29. List the prime factors of r(20).
229
Let w(v) = v**2 - 5*v + 6. Suppose 0*n - n + 18 = 0. Let k = 26 - n. List the prime factors of w(k).
2, 3, 5
Let f(n) = -n**2 - 29*n - 41. Let g be f(-13). Let j = -93 + g. List the prime factors of j.
2, 37
Suppose -1513*f + 44770 = -1503*f. What are the prime factors of f?
11, 37
What are the prime factors of -4 - (-68)/18 - (-139602)/54?
5, 11, 47
Let i = 22 - 17. Let k(g) = 2*g**3 - 4*g**2 + 4*g - 1. What are the prime factors of k(i)?
13
Let l = -3 + 10. Let n(i) be the second derivative of i**4/12 - i**3/2 + i**2 - i. List the prime factors of n(l).
2, 3, 5
Let m = -23 - -568. What are the prime factors of m?
5, 109
Let s(u) = 26*u + 802. What are the prime factors of s(-13)?
2, 29
Suppose 428*j = 432*j - 17132. List the prime factors of j.
4283
Let p = 3823 - -448. List the prime factors of p.
4271
Let o be 49/17 + -3 + 971/17. Let j be (-13 + -2)*16/(-6). Let g = o - j. List the prime factors of g.
17
Suppose -4*d + 1060 = d. List the prime factors of d.
2, 53
Suppose 4*t - 426 = 622. What are the prime factors of t?
2, 131
Let t(u) = -11*u**2 + 12*u - 32. Let g(j) = -4*j**2 + 4*j - 11. Let d(y) = 8*g(y) - 3*t(y). Suppose -22*z = -14*z + 40. List the prime factors of d(z).
53
What are the prime factors of 11/(594/53736) + 1/(-9)?
5, 199
Let q be 6/(-24) + 21/4. Let k(y) = 4